t is n(-4)?
-3
Let b(a) = -a**2 + 22*a - 53. Give b(19).
4
Let d(w) = -10*w + 100. Give d(10).
0
Let q(f) = -68*f**2 + f. Give q(1).
-67
Let l(b) = -2*b - 31. Give l(-14).
-3
Let x(h) = h**3 + 4*h**2 - 2*h - 6. Determine x(-3).
9
Let c(x) = x**2 + 4*x - 14. Determine c(-6).
-2
Let p(t) = 3*t**2 + 17*t - 22. Determine p(-7).
6
Let c(a) = 4*a + 36. What is c(-7)?
8
Let w(x) = -6*x + 112. What is w(18)?
4
Let u(a) = a**3 - 7*a**2 - 258*a - 36. Give u(20).
4
Let c(z) = -3*z**2 + 6*z - 1. Calculate c(9).
-190
Let m(n) = n**3 - 66*n**2 - 3*n + 191. Calculate m(66).
-7
Let k(m) = -m**2 - 11*m + 29. Calculate k(-12).
17
Let t(o) = -o**3 - 5*o**2 + 3*o - 2. Give t(3).
-65
Let c(d) = d**3 + 10*d**2 + 3*d. Give c(-9).
54
Let o(l) = -l**2 - l + 12. Determine o(8).
-60
Let k(a) = -a**3 - 14*a**2 - 10*a + 33. Calculate k(-13).
-6
Let a(k) = k + 10. Determine a(-8).
2
Let a(u) = u**3 + 21*u**2 - 16*u + 123. Determine a(-22).
-9
Let o(n) = -2*n + 1. Calculate o(1).
-1
Let u(k) = -12*k**2 - k - 2. Determine u(2).
-52
Let w(l) = l**3 + 10*l**2 - 2*l - 12. Calculate w(-10).
8
Let m(c) = 5*c**3 - 2*c**2 + 6*c + 1. Give m(2).
45
Let g(r) = -2*r**2 + r + 4. What is g(-3)?
-17
Let u(d) = d**2 + 15*d + 11. Determine u(-10).
-39
Let z(a) = -a**2 + 3*a - 19. What is z(12)?
-127
Let w(z) = -z**2 - 9*z + 4. Calculate w(-9).
4
Let n(k) = k**2 - 10*k + 14. Determine n(9).
5
Let a(n) = 8*n + 65. Calculate a(-12).
-31
Let t(y) = -4*y**3 - y**2 - 3*y - 2. What is t(-1)?
4
Let f(k) = -k**3 - 10*k**2 - 5*k - 5. Determine f(-8).
-93
Let g(r) = -23*r + 43. Determine g(0).
43
Let t(i) = 2*i**2 - 40*i - 5. Give t(19).
-43
Let z(o) = 4*o - 6. What is z(0)?
-6
Let x(d) = d**2 - 3*d - 4. Calculate x(0).
-4
Let b(s) = -2*s - 21. Give b(-6).
-9
Let b(w) = 8*w - 79. Give b(9).
-7
Let x(o) = o**3 - o**2 - 3*o - 1. What is x(4)?
35
Let l(b) = -6*b - 17. Determine l(-6).
19
Let c(n) = -42*n - 2. Determine c(1).
-44
Let j(a) = -a**3 + 4*a**2 + 6*a - 6. Determine j(5).
-1
Let f(i) = i**2 + 8*i + 1. What is f(-5)?
-14
Let z(j) = 15*j + 1. What is z(-1)?
-14
Let c(d) = d**2 + 29*d + 104. Calculate c(-4).
4
Let f(n) = -n**2 + 12*n - 8. Give f(12).
-8
Let f(r) = -20*r - 2. Give f(-3).
58
Let z(o) = -o**3 - 8*o**2 - 4*o - 1. What is z(-5)?
-56
Let q(u) = -3*u**3 + 2*u**2 + 2*u - 2. Give q(2).
-14
Let p(b) = b**3 + 8*b**2 + b - 2. What is p(-6)?
64
Let o(b) = 12*b**3 - b. What is o(-1)?
-11
Let v(d) = -d**2 + 6*d - 4. Determine v(5).
1
Let a(h) = -3*h. Calculate a(3).
-9
Let k(n) = n**3 + 8*n**2 + 6. Give k(-8).
6
Let z(u) = 4*u**3 - u**2 + u - 9. Determine z(-3).
-129
Let y(r) = -r + 2. Calculate y(-6).
8
Let q(i) = 2*i**3 + i**2 - i. What is q(1)?
2
Let o(w) = w**2 + 8*w - 12. What is o(-10)?
8
Let f(s) = s**3 - 3*s**2 - s + 2. Give f(-3).
-49
Let w(h) = -h**3 + 6*h**2 + 6*h - 6. Determine w(7).
-13
Let s(o) = -o**2 + 11*o + 1. Calculate s(11).
1
Let z(i) = 4*i + 40. What is z(-10)?
0
Let j(s) = 26*s + 153. Determine j(-5).
23
Let a(t) = 12*t + 2. What is a(-4)?
-46
Let n(t) = -t**2 - 8*t + 25. What is n(-11)?
-8
Let r(m) = -2*m**3 - 20*m**2 - 49*m + 5. Calculate r(-5).
0
Let v(l) = l + 16. Determine v(-7).
9
Let w(h) = -3*h - 21. Determine w(-10).
9
Let v(t) = -t**3 + 6*t**2 + t - 9. Determine v(5).
21
Let z(f) = 4*f**2 - 110*f - 58. Determine z(28).
-2
Let i(g) = -7*g**2 - 4*g - 3. Calculate i(-6).
-231
Let h(n) = -4*n - 17. Calculate h(-4).
-1
Let o(f) = -f**3 + 14*f**2 + 17*f - 25. Give o(15).
5
Let q(w) = -w**3 - 4*w**2 + 8*w + 6. Determine q(-5).
-9
Let n(c) = -c**2 + 6*c + 5. What is n(6)?
5
Let m(z) = -3*z - 38. Calculate m(-15).
7
Let d(j) = 10*j + 2. What is d(-1)?
-8
Let y(l) = -17*l + 19. Give y(0).
19
Let w(f) = 4*f - 3. Calculate w(2).
5
Let b(o) = 4*o - 17. Calculate b(7).
11
Let m(b) = b**3 - 8*b**2 + 17*b - 24. Give m(6).
6
Let c(h) = 53*h. Determine c(1).
53
Let h(a) = a**2 - 14*a - 14. Determine h(14).
-14
Let g(c) = -c**3 - 10*c**2 - c + 28. Calculate g(-7).
-112
Let d(g) = -g**3 - g**2 + 4*g + 3. Give d(-2).
-1
Let f(y) = y**3 - y - 19. Determine f(0).
-19
Let b(k) = -k**2 + 16*k - 61. Determine b(7).
2
Let b(h) = -h - 25. Calculate b(-15).
-10
Let f(z) = z + 4. Calculate f(-11).
-7
Let y(k) = -31*k - 530. Determine y(-17).
-3
Let v(t) = 102*t + 518. Determine v(-5).
8
Let g(i) = i**3 - 8*i**2 - 2*i + 14. Calculate g(8).
-2
Let y(w) = w**3 + 28*w**2 + w + 40. Determine y(-28).
12
Let m(f) = -f**2 + 16*f - 17. What is m(12)?
31
Let v(x) = -x**2 - 16*x + 73. Give v(-19).
16
Let n(o) = -3*o**3 + 6*o**2 + 4*o - 13. Determine n(2).
-5
Let t(i) = -2*i**2 - 2*i - 4. Determine t(-2).
-8
Let s(d) = -d**3 + 2*d**2 + 9*d - 9. Calculate s(4).
-5
Let l(n) = -n**3 - n**2 - 9. Determine l(0).
-9
Let q(t) = -21*t. Determine q(-1).
21
Let o(s) = 25*s + 501. Determine o(-20).
1
Let g(x) = -x**3 + 5*x**2 - 3*x - 1. Calculate g(3).
8
Let m(q) = 21*q - 23. Give m(1).
-2
Let i(t) = 3*t - 3. Determine i(14).
39
Let h(a) = 2*a**2 + a + 3. What is h(-4)?
31
Let j(v) = -v**3 + v**2 + 3*v + 2. Determine j(3).
-7
Let p(n) = 2*n**3 + n**2 - 2*n + 1. What is p(2)?
17
Let h(r) = -2*r**3 - 14*r**2 + 14*r - 9. Determine h(-8).
7
Let l(w) = 11*w + 99. Calculate l(-10).
-11
Let d(w) = -w**3 - 11*w**2 - 24*w - 24. What is d(-7)?
-52
Let k(p) = -p**3 + 4*p**2 + 24*p - 15. Give k(7).
6
Let l(z) = -z**3 + 2*z**2 + 19*z - 18. Determine l(6).
-48
Let z(b) = -b**2 + 7*b - 15. Determine z(5).
-5
Let o(h) = -4*h - 106. What is o(-22)?
-18
Let z(r) = -2*r + 32. Give z(13).
6
Let d(w) = -19*w - 4. What is d(-2)?
34
Let b(h) = h**3 - 8*h**2 - 18*h + 82. Calculate b(9).
1
Let i(x) = -x**3 + 11*x**2 - x + 20. Calculate i(11).
9
Let n(l) = -l**2 - 4*l + 59. Determine n(-8).
27
Let r(l) = -4*l**3 + 39*l**2 - 4*l + 143. What is r(10)?
3
Let q(d) = -3*d**2 + 5*d + 6. Determine q(-1).
-2
Let l(c) = 2*c**2 - 59*c + 84. Determine l(28).
0
Let u(c) = -4*c**2 - 3*c - 2. Determine u(-1).
-3
Let z(n) = -33*n - 133. Calculate z(-4).
-1
Let z(d) = -d**3 + 8*d**2 - 7*d - 2. What is z(7)?
-2
Let j(n) = 21*n**2 - 2*n - 1. What is j(-1)?
22
Let s(z) = z**2 + 2*z + 15. Give s(0).
15
Let p(j) = j**3 + 9*j**2 + 15*j + 1. Determine p(-7).
-6
Let x(s) = -25*s**3 - 2*s - 2. What is x(-1)?
25
Let x(j) = j**3 + 7*j**2 - 3*j. Give x(-7).
21
Let c(u) = -u**3 + 4*u**2 + u + 15. Determine c(5).
-5
Let q(y) = 18*y**2 - 7*y - 6. What is q(-1)?
19
Let q(k) = -2*k**2 + 2*k + 21. Determine q(-4).
-19
Let t(f) = 2*f**3 + 7*f**2 - 3*f - 9. Determine t(-3).
9
Let h(m) = m**3 + 4*m**2 + m - 2. Determine h(-4).
-6
Let g(a) = -8*a**3 - 2*a - 1. Calculate g(-1).
9
Let y(r) = r + 23. What is y(-8)?
15
Let h(t) = 18*t + 75. Calculate h(-8).
-69
Let d(s) = s**3 + 2*s**2 - 29*s - 25. Calculate d(-6).
5
Let q(d) = 3*d**2 - 6*d - 14. What is q(4)?
10
Let r(l) = -l**2 - 4*l - 2. Calculate r(-3).
1
Let w(u) = -u**3 + 24*u**2 - 25*u + 11. Give w(23).
-35
Let n(d) = 5*d + 23. Calculate n(-6).
-7
Let l(b) = -b**3 + b**2 - b + 4. What is l(0)?
4
Let m(o) = -8*o - 1. Give m(-2).
15
Let m(w) = w**3 - 15*w**2 + 13*w + 12. Determine m(14).
-2
Let c(r) = 2*r**2 - 14*r + 15. Give c(7).
15
Let d(f) = -f**3 + 5*f**2 + 7*f + 1. What is d(6)?
7
Let g(u) = -6*u + 1. Calculate g(4).
-23
Let l(f) = 3*f + 3. Calculate l(6).
21
Let d(l) = -l**3 + 49*l**2 + 100*l + 120. Give d(51).
18
Let m(n) = 7*n**3 - 70*n**2 - 12. Determine m(10).
-12
Let n(z) = -2*z**2 - 5*z - 4. Give n(-2).
-2
Let v(a) = -8*a - 5. What is v(-3)?
19
Let r(x) = -x. What is r(-3)?
3
Let t(m) = -m - 41. Give t(10).
-51
Let c(s) = -6*s + 29. What is c(5)?
-1
Let h(l) = l**2 - 13*l + 26. What is h(11)?
4
Let h(a) = -4*a + 5. Calculate h(0).
5
Let a(b) = -18*b + 131. Calculate a(7).
5
Let t(s) = -s**3 + 36*s**2 - 34*s + 75. Determine t(35).
110
Let r(l) = l**3 - 5*l**2 + 6*l - 10. Give r(4).
-2
Let m(x) = 2*x**3 - 7*x**2 - x + 3. Determine m(5).
73
Let t(y) = y**3 + 19*y**2 - 18*y + 24. Give t(-20).
-16
Let u(s) = -s**3 - 11*s**2 - 5*s - 61. Determine u(-11).
-6
Let y(b) = -b**3 - 9*b**2 + 9*b - 9. Calculate y(-10).
1
Let c(p) = p - 7. Calculate c(11).
4
Let n(u) = u**2 - u + 3. Determine n(3).
9
Let o(q) = -q**3 - 7*q**2 + 4*q + 32. What is o(-7)?
4
Let r(a) = -9*a**2 + 27*a - 5. Calculate r(3).
-5
Let o(q) = -q**2 + 4*q - 2. Give o(5).
-7
Let w(c) = -2*c**3 - 13*c**2 + 7*c + 6. Give w(-7).
6
Let w(t) = -t**3 - 5*t**2 -